. Let v(m) = m**3 - 5*m**2 - 3. Give v(h).
-3
Let y = 20 + -18. Let r(x) = 14*x**2 - 16*x**y + 5*x**2 - x**3 + x - 2*x. Give r(3).
-3
Suppose 0 = d + 4*d + 50. Suppose -86 - 35 = 11*l. Let q = l - d. Let o(r) = -r**3. Calculate o(q).
1
Let g(p) be the first derivative of p**4/4 - 2*p**3/3 - p**2/2 + 1. What is g(2)?
-2
Let j(p) be the first derivative of -p**6/360 - p**5/24 - 3*p**4/8 - 2*p**3/3 - 1. Let h(w) be the third derivative of j(w). Calculate h(-6).
-15
Suppose -2*v + 5*i = -0*i + 20, -5*i + 20 = -v. Let j(s) = 46*s**2 - 45*s**2 - 3*s + 4*s + 11. Calculate j(v).
11
Suppose -2*h - h + 9 = 0. Suppose 5*r - 8 + 3 = -5*z, -h*z - 5*r = -11. Let s(o) = -5*o + 0 - 6 - o**2 + 3 - o**2. Determine s(z).
-6
Let b(s) = -2*s - s - 1 + 6*s. Let l(o) = -o + 4. Let m be l(4). Suppose -3*g = -m*d - 2*d + 10, g - 4 = -3*d. Determine b(g).
-7
Suppose 4*q + 12 = 3*v - q, -2*v - 4*q = 14. Let u(i) = 10*i**3 + i**2 - 1. What is u(v)?
-10
Let d(t) = -t**3 - 4*t**2 + 5*t - 3. Let b(s) = s**3 + 2*s**2 - s + 1. Let o = -3 + 6. Let u be 12/(-3)*o/4. Let y be b(u). Calculate d(y).
-3
Let h(t) = 0*t + 4*t - 15*t. Give h(-1).
11
Let p(s) be the second derivative of -1/2*s**2 + 7*s + s**3 + 0. Determine p(-2).
-13
Let c(v) = v + 4. Let u(i) = -i + 2. Let z be u(2). What is c(z)?
4
Let c(h) = 3*h + 5. Let g(s) = -3*s + 5 - 4 - 5. Let n(b) = -2*c(b) - 3*g(b). Suppose -2*v - 11 = -3*t, 14 = -2*v + 5*t + 1. Give n(v).
-10
Let o be 1/(-3)*(-10 - 2). Let y = o - 4. Let d(r) = y*r - r**2 + 2*r**2 + 1 - 4*r. Calculate d(5).
6
Suppose 0*i + 2*i = -5*o + 126, 2*i = 5*o - 134. Let b be 444/156 + 4/o. Let z(g) = 2*g - 6. Let s(j) = -j + 1. Let q(x) = 4*s(x) + z(x). Calculate q(b).
-8
Let y(u) = -u**2 + 7*u - 6. Let c be -3*((-8)/(-6) - 2). Suppose c*v - 16 = -8. Determine y(v).
6
Let c(v) = -v**3 + 5*v**2 - 6*v + 2. Let x(w) = -w - 6. Let g be x(-10). Give c(g).
-6
Let q(g) = -g**2 + 11*g + 6. Let a(y) = -4*y. Let t be a(-3). Let x be q(t). Let h(l) = -l + 7 + 3*l + 0*l. Determine h(x).
-5
Suppose 4*c - 16 = -0*c. Let p(x) = -x**2 + 8*x + 4. Give p(c).
20
Let g(r) = -2*r**3 - 4*r**2 - 2*r + 2. Let w be 1*2/(1 - 2). What is g(w)?
6
Let w = 30 - 5. Suppose -k + 25 = -5*d, -3*d + 8*d = -w. Let z(y) = y**3 + y. What is z(k)?
0
Let r be (-24)/(-10) + 2/(-5). Let u(n) be the first derivative of n**3/3 - n**2/2 - 5. Give u(r).
2
Let c(q) = 2*q - 1. Let o(m) = m**3 + 24*m**2 - 24*m + 28. Let z be o(-25). Give c(z).
5
Let z(u) = -2*u - 4. Let a(k) = k**2 - 6*k - 4. Let h be a(7). Suppose -q - 4*f + 3 = 0, 6 = h*f - 0. What is z(q)?
6
Let b(k) be the second derivative of k**3/6 - 3*k**2 - 6*k. What is b(6)?
0
Let b be (4/(-10))/((-3)/15). Suppose b*p + 3*p = 0. Let w(h) be the third derivative of h**5/60 - h**2. What is w(p)?
0
Let m(h) = -h**3 - 2*h**2 + 17*h - 3. Let n(i) = -i**3 - 3*i**2 + 16*i - 2. Let c(d) = -5*m(d) + 6*n(d). Give c(-9).
-15
Let l(m) = -m**2 + 13*m - 3. Let u(w) = 1 - 1 + w. Let x(z) = l(z) - 6*u(z). Let k be (-1)/(-2) - (-9)/2. Give x(k).
7
Let y be (-1)/(-3) + 40/24. Suppose 2 + 6 = -y*w. Let v(u) = -u - 9. Determine v(w).
-5
Let n(v) = 3*v**3 - 18*v**2 + 20*v - 17. Let j(q) = q**3 - 6*q**2 + 6*q - 6. Let f(k) = 7*j(k) - 2*n(k). Calculate f(6).
4
Let w(b) = -b**2 + 3*b + 3. Let n be (-4 - (-28)/8)*-2*-2. Calculate w(n).
-7
Let m be 3/(-1)*(-9)/(-27). Let q(w) = -3*w**3 - w**2 - w. What is q(m)?
3
Let h(l) be the third derivative of l**6/120 - l**5/60 + l**4/8 - l**3/6 - l**2. Let i(z) = -z**3 - 16*z**2 + 12*z - 83. Let p be i(-17). What is h(p)?
9
Let s(u) = -u**3 - 4*u**2 + 3*u - 3. Let l(p) = -2*p - 11. Let x be l(-3). Calculate s(x).
7
Let f(b) = -2*b**2 + 5*b. Let c be 3/12 + (-45)/(-12). Calculate f(c).
-12
Let x(t) = -4*t - 2. Suppose 3*i - 6*i = 2*a - 4, -a + 13 = -4*i. Give x(i).
6
Let t(h) = h**3 - 6*h**2 + 7*h - 3. Let f be t(5). Let o(x) = -x**3 + 7*x**2 - x + 9. Calculate o(f).
2
Let m(c) = -c**3 - 3*c**2 + 4*c + 1. Let s be (-1)/2 - 10/(-4). Let i be (-30)/12 + s/(-4). What is m(i)?
-11
Let i(w) = w. Let o(j) be the third derivative of j**5/60 - j**3/3 - j**2. Let s(g) = 2*i(g) - o(g). Give s(5).
-13
Let m(k) = k**2 - 3*k - 1. Let i(l) = l - 1. Let x(j) = 3*i(j) - m(j). Give x(4).
6
Let a(i) = 2*i + 5. Let b(v) = -1. Let k(h) = -a(h) - 6*b(h). Suppose -2*j + 1 - 3 = 0. Determine k(j).
3
Let l(z) = z**3 + 5*z**2 - 2*z - 7. Suppose 0 = -5*t - 2*v + v - 23, t = -v - 3. Give l(t).
3
Let s(r) be the third derivative of -r**6/360 - r**4/6 - 4*r**3/3 - 8*r**2. Let k(a) be the first derivative of s(a). Calculate k(0).
-4
Let m(b) = b + 8. Let q(w) be the second derivative of -w**3/6 + 5*w**2/2 - 3*w. Let s be q(5). Determine m(s).
8
Let l(q) = q**2 + 5*q. Let d be (-5)/5*1*6 + 0. Determine l(d).
6
Let l(f) be the first derivative of f**3/3 + 3*f**2 - 5*f + 24. What is l(-6)?
-5
Let l(y) be the third derivative of y**7/2520 - y**6/144 - y**5/40 + y**4/8 - 3*y**2. Let x(s) be the second derivative of l(s). Give x(4).
-7
Let y(o) = 2*o**2 - 7*o - 1. Let t be 10/15*(-45)/(-6). Calculate y(t).
14
Suppose -l - 4*l + 15 = g, 0 = -l - 5*g - 21. Let a(s) = -2*s - 1. What is a(l)?
-9
Let b(i) be the first derivative of -i**5/10 - i**4/3 - i**3/3 + i**2 - 5*i - 3. Let q(d) be the first derivative of b(d). Let a = -4 + 2. Calculate q(a).
6
Let q = 10 + -9. Let w(n) = n**3 + 1 - 6 - q + 7 + 7*n + 7*n**2. Determine w(-6).
-5
Let o = 3 + -5. Let h be (-2)/2 - 0/o. Let c(s) = 8*s - 1. Let y(m) = 9*m - 1. Let f(v) = 5*c(v) - 4*y(v). What is f(h)?
-5
Let m(j) = -5 + 1 - 2*j - 6*j + 3. Let g = 10 + -5. Let p be g/(5/2) - 3. Give m(p).
7
Let i(l) = l**3 - 5*l**2 + l - 4. Let h(j) = -j - 5. Let s be h(-4). Let v be 5 + (3*s - -2). Suppose -v*n = -n - 15. Give i(n).
1
Let n(o) = -4*o**3 - 8*o**2 + 3*o - 6. Let r(a) = 5*a**3 + 9*a**2 - 3*a + 7. Let c(j) = -6*n(j) - 5*r(j). Calculate c(2).
-1
Let d(t) = -t**3 + t**2 + 2*t - 1. Let h(n) = n**2 + n + 3. Let k be h(0). Suppose 3 + 3 = k*s. Suppose b = -s*b + 6. Calculate d(b).
-1
Suppose -3*j - j = 4*g - 132, -3*g + 78 = -4*j. Suppose -5*n - 20 = -2*u + u, -4*n - 2*u = g. Let s(v) = v**3 + 4*v**2 - 6*v + 2. Determine s(n).
7
Let q(v) = -v - 1. Let k(p) = p - 2. Let w(n) = k(n) + 3*q(n). Calculate w(-6).
7
Let z(g) be the third derivative of g**5/120 + g**4/4 + g**3/6 - 3*g**2. Let a(t) be the first derivative of z(t). Determine a(-4).
2
Let j(w) = -w**3 - 3*w**2 + 2*w. Let g be j(-4). Let s(d) = -d**3 + 9*d**2 - 9*d + 9. Let o be s(g). Let q(n) = n + 1. What is q(o)?
2
Suppose 3*s = 2 + 1. Let j(u) = -17*u**3 + u**2 - 1. What is j(s)?
-17
Let s(c) = c + c**3 + 0*c**3 + 3*c**3. Suppose -3*x = i - 7, x - 2*x = 4*i - 17. Suppose 3*g + 15 = 3*l, 15 = l - 2*l - i*g. Calculate s(l).
5
Let k(z) = 13*z**3 - 8*z**2 + 3*z - 13. Let n(p) = 7*p**3 - 4*p**2 + 2*p - 7. Let y(u) = -6*k(u) + 11*n(u). Give y(4).
17
Let p(d) be the second derivative of -d**4/12 - 5*d**3/2 - 9*d**2 - 15*d - 3. Determine p(-14).
-4
Suppose -2*a - 6 = 5*t, 3*a + 2 + 7 = -2*t. Let h(o) = o**3 + 3*o**2 + 2*o + 2. Give h(a).
-4
Let q(x) = -x**2 + 3*x**2 - 4*x**2 + 2. Suppose -3 = 3*t, 3*u - t + 2 = 12. Suppose -5*o - 4 + 10 = 4*a, -o + u = -a. Determine q(o).
-6
Let x(j) = 3*j - 1. Let v be x(1). Suppose -s = -v*s - 2. Let r(u) = u**2 - u - 1. Give r(s).
5
Let k be (3 - 0)*(-2)/2. Let f be (2/(-2))/(k/(-9)). Let a(n) = 3*n + 0*n - 6*n - n**3 + 4 - 4*n**2. Determine a(f).
4
Let n(a) be the first derivative of 2*a**3/3 - 3*a**2 - 3. Let o be n(4). Suppose 4*m + 0*m = o. Let c(r) = -r**2 - r - 2. Give c(m).
-8
Let w(h) = h + 7. Suppose 25 = -4*u + 2*u - 3*c, 0 = u - 2*c - 5. What is w(u)?
2
Let g(t) be the third derivative of 3*t**2 + 0*t - 7/24*t**4 + 0 - 2/3*t**3 - 1/60*t**5. Give g(-6).
2
Let q = -21 - -5. Let c = 11 + q. Let o(j) = 17*j + 37. Let x(f) = 4*f + 9. Let k(z) = -2*o(z) + 9*x(z). What is k(c)?
-3
Suppose 4*q = -0*q - 16. Let g(w) be the first derivative of -w**4/4 - 4*w**3/3 - w**2/2 - 2*w + 2. Determine g(q).
2
Let u(l) = -4*l**2 + 0 + 3*l**2 + 2 - 1 - l - l**3. Determine u(-2).
7
Let c = 1 + -1. Suppose c = b - 6*b + 25. Let p(w) = -2*w + 6. What is p(b)?
-4
Let n(w) = 2*w**2 + 7*w + 5. Let t be 2/3 + 5/(-3). Let o(b) = -b - 2. Let j be o(3). Let h = j - t. Give n(h).
9
Let a be (1 - 1)/(2 + -1). Let u(z) be the first derivative of z**4/4 + z**2/2 + 4*z - 